1?
-12301
In base 9, what is 5 + 3?
8
In base 8, what is -5 + 24?
17
In base 13, what is 12 - 5?
a
In base 9, what is -1072 - 0?
-1072
In base 2, what is -11100010 + 1110?
-11010100
In base 7, what is -4 + 365?
361
In base 14, what is -2 - 42?
-44
In base 10, what is 25 + 251?
276
In base 8, what is 2 - 0?
2
In base 14, what is 0 - ba?
-ba
In base 12, what is 4 - 59?
-55
In base 6, what is -13 - -5052?
5035
In base 11, what is -8 + -1328?
-1335
In base 16, what is -15 + -ca?
-df
In base 7, what is -1 - -1001?
1000
In base 3, what is -210110 + 0?
-210110
In base 7, what is 341 - 2?
336
In base 4, what is -21 + -201?
-222
In base 7, what is 5 + 2436?
2444
In base 2, what is 1 - 1000?
-111
In base 5, what is -4 - -21?
12
In base 13, what is 1 + -29?
-28
In base 15, what is -336 + 5?
-331
In base 2, what is 10110100 - -11001?
11001101
In base 2, what is -1 - -111?
110
In base 5, what is 2042 + 4?
2101
In base 4, what is 212320 - -1?
212321
In base 16, what is 1b + -e0?
-c5
In base 7, what is -11 + -2?
-13
In base 15, what is -2 - -341?
33e
In base 14, what is -11 + 637?
626
In base 6, what is -2 + -5335?
-5341
In base 10, what is 616 + 8?
624
In base 8, what is 3 + -24?
-21
In base 3, what is 1 + -11011?
-11010
In base 10, what is 193 - -4?
197
In base 10, what is -1191 - -4?
-1187
In base 15, what is 27 - 9?
1d
In base 2, what is -1111101111 - 1?
-1111110000
In base 16, what is 3 + -23?
-20
In base 7, what is 4164 - 6?
4155
In base 12, what is 1 + -753?
-752
In base 2, what is -1 - -110?
101
In base 7, what is 4 + -1651?
-1644
In base 7, what is -221 + -5?
-226
In base 13, what is -3 + 66?
63
In base 16, what is -15 + 82?
6d
In base 5, what is 1 + -1304?
-1303
In base 5, what is 13 - 12?
1
In base 12, what is -3 + -24b9?
-2500
In base 4, what is -1312 - 111?
-2023
In base 4, what is -11 - -23002?
22331
In base 12, what is -117 + -10?
-127
In base 8, what is 5 + -3626?
-3621
In base 9, what is 1003 - 10?
883
In base 14, what is -116 + -10?
-126
In base 11, what is 86 + 18?
a3
In base 14, what is 0 + -2512?
-2512
In base 4, what is 11 - 13103?
-13032
In base 12, what is -194 - -4?
-190
In base 14, what is -8959 + 3?
-8956
In base 6, what is 3 + 1004?
1011
In base 9, what is -3181 + -2?
-3183
In base 5, what is -1 - -233?
232
In base 13, what is -18aa + -4?
-18b1
In base 2, what is 1101 - 11100001?
-11010100
In base 7, what is -3 + -24?
-30
In base 2, what is 10 - 110101111?
-110101101
In base 4, what is -2120 + -10?
-2130
In base 2, what is 10011 + 111?
11010
In base 10, what is -777 + 5?
-772
In base 11, what is -11a + -7?
-126
In base 11, what is -2a45 - -4?
-2a41
In base 9, what is -2 - -14?
12
In base 16, what is -7 - 64?
-6b
In base 6, what is -1022 + -22?
-1044
In base 6, what is 1431 - 105?
1322
In base 7, what is 0 + 555?
555
In base 3, what is 22 - -21?
120
In base 10, what is -73 - 44?
-117
In base 7, what is -42 + 162?
120
In base 8, what is -5 + -60?
-65
In base 14, what is -84d6 - -3?
-84d3
In base 15, what is -ba - a?
-c5
In base 8, what is 4 + 3621?
3625
In base 15, what is 14e - 1?
14d
In base 8, what is 107 - -40?
147
In base 6, what is 124350 - -3?
124353
In base 14, what is -5b - 72?
-cd
In base 6, what is -153122 - -3?
-153115
In base 6, what is 12402 + -2?
12400
In base 16, what is 14 - -d?
21
In base 4, what is 10 - 1312?
-1302
In base 16, what is d + -1a?
-d
In base 11, what is -3917 + -1?
-3918
In base 12, what is -4 + -280?
-284
In base 3, what is -111 + 100011?
22200
In base 9, what is 0 - -511?
511
In base 10, what is 2 + 163?
165
In base 14, what is 10c7 - 1?
10c6
In base 13, what is -47a1 - 3?
-47a4
In base 3, what is 12120 - -2?
12122
In base 8, what is 31 + -26?
3
In base 10, what is -8 - 19?
-27
In base 13, what is -3 + 33?
30
In base 5, what is 33320 + 3?
33323
In base 16, what is 4a + 6?
50
In base 3, what is 11 - -2100?
2111
In base 3, what is -12 + -1211?
-2000
In base 11, what is 1 - -4a?
50
In base 7, what is 5 + 143?
151
In base 9, what is 3 - -38?
42
In base 8, what is -624 + -1?
-625
In base 9, what is 7 + 121?
128
In base 3, what is 12 - -12010?
12022
In base 8, what is 201 - 1?
200
In base 8, what is 0 - -7650?
7650
In base 7, what is -4 + -1653?
-1660
In base 15, what is -3 - a0?
-a3
In base 14, what is -2d1 - 5?
-2d6
In base 3, what is -12 + -110002?
-110021
In base 12, what is -4a - -38?
-12
In base 7, what is -545 - -1?
-544
In base 12, what is -5 - 295?
-29a
In base 16, what is -81 + 96?
15
In base 9, what is 3 - 88?
-85
In base 4, what is 23 - -30122?
30211
In base 8, what is 41564 - 3?
41561
In base 7, what is -2 - -202?
200
In base 16, what is 7 - -245?
24c
In base 11, what is -9 + -24?
-32
In base 4, what is 2120 - -11?
2131
In base 2, what is -11 - 10000011101?
-10000100000
In base 12, what is 82 + 11?
93
In base 15, what is 2414 - -5?
2419
In base 14, what is 0 + 393?
393
In base 9, what is 162 + 1?
163
In base 13, what is -1 + -8?
-9
In base 9, what is 15 + 60?
75
In base 3, what is -111 + 1100221?
1100110
In base 10, what is -68 + 60?
-8
In base 3, what is -11 - -1220101?
1220020
In base 16, what is -1eb - -4?
-1e7
In base 14, what is 115 - -3?
118
In base 16, what is -14e + -a?
-158
In base 14, what is 115 + 0?
115
In base 11, what is 936 - 1?
935
In base 10, what is -1 + -34?
-35
In base 4, what is 3 - -2023?
2032
In base 5, what is -124 - 3?
-132
In base 13, what is 3 + -16b?
-168
In base 9, what is -3 - -77?
74
In base 11, what is 168 - -3?
170
In base 8, what is -3 + -143?
-146
In base 14, what is 6b - -3b?
a8
In base 11, what is -1 - -145?
144
In base 2, what is 0 - -1110?
1110
In base 14, what is 11 + a?
1b
In base 9, what is 1 - 1706?
-1705
In base 5, what is -3 + -1023?
-1031
In base 15, what is -55 + -3?
-58
In base 15, what is 5 + -7?
-2
In base 6, what is 443 - -141?
1024
In base 4, what is -203 - 3?
-212
In base 8, what is 74 - -5?
101
In base 16, what is -3 + -44?
-47
In base 10, what is -24 + -458?
-482
In base 12, what is -25 - 7?
-30
In base 12, what is 1 + 5?
6
In base 16, what is 2e + 30?
5e
In base 12, what is -6 + -67?
-71
In base 11, what is -6 - 46?
-51
In base 8, what is -32561 - 3?
-32564
In base 15, what is -aed + -2?
-b00
In base 4, what is 3231310 + -1?
3231303
In base 12, what is -4 - -67?
63
In base 13, what is -36 + -7?
-40
In base 4, what is 2212 + 3?
2221
In base 10, what is 4923 + 3?
4926
In base 8, what is 5 - -3722?
3727
In base 2, what is -1111 + -1010010?
-1100001
In base 12, what is -13a + -b?
-149
In base 7, what is 11 + -45?
-34
In base 16, what is 1c + 0?
1c
In base 12, what is 2 + -a5?
-a3
In base 12, what is 17 + 13?
2a
In base 5, what is -11 + -424?
-440
In base 10, what is -14 - -7?
-7
In base 9, what is -18 - 30?
-48
In base 6, what is -55 + 3?
-52
In base 14, what is -1 + -bb?
-bc
In base 9, what is 120 - -128?
248
In base 15, what is -d + -22b?
-239
In base 13, what is 8736 + -5?
8731
In base 16, what is -44 - 5?
-49
In base 9, what is -3580 + -3?
-3583
In base 8, what is 2 - -76?
100
In base 12, what is -1 + 45a5?
45a4
In base 4, what is 1123002 + -10?
1122332
In base 9, what is 263 - -23?
286
In base 4, what is 22 + -30323?
-30301
In base 12, what is 3b9 + 0?
3b9
In base 10, what is 429 - -2?
431
In base 14, what is -6a9 + 2?
-6a7
In base 14, what is 5 + -59?
-54
In base 10, what is -5 + -965?
-970
In base 4, what is 2213302 + -11?
2213231
In base 14, what is 202 + -2?
200
In base 5, what is -14344 - -10?
-14334
In base 15, what is 12 - 36?
-24
In base 2, what is 100 + -11?
1
In base 15, what is -10 - -5?
-a
In base 6, what is -1140 + 0?
-1140
In base 16, what is -1e1 - -11?
-1d0
In base 3, what is -111 + -100121?
-101002
In base 8, what is -53 - 2?
-55
In base 2, what is -1000 - 100000001001?
-100000010001
In base 9, what is -3 + 114?
111
In base 6, what is 4353 + 5?
4402
In base 12, what is -75 + 0?
-75
In base 4, what is 213 + 11?
230
In base 13, what is -351 + -1a?
-36b
In base 10, what is 327 + 1?
328
In base 12, what is -414 + -2?
-416
In base 13, what is -2 - 29?
-2b
In base 15, what is 2 + -118?
-116
In base 9, what is 575 - -5?
581
In base 12, what is -6a5 - -5?
-6a0
In base 9, what is -118 + 87?
-21
In base 9, what is 2 + 7?
10
In base 12, what is 4 + 3?
7
In base 4, what is 13133 - -10?
13203
In base 16, what is 2 - -1?
3
In ba